{"id":6625,"date":"2020-06-10T17:49:51","date_gmt":"2020-06-10T08:49:51","guid":{"rendered":"http:\/\/www.kfd.or.jp\/?page_id=6625"},"modified":"2021-02-22T18:29:16","modified_gmt":"2021-02-22T09:29:16","slug":"%ef%bc%93%e8%80%85%e9%96%93%e9%80%9a%e8%a9%b1%ef%bc%88%ef%bc%95%e3%81%8b%e5%9b%bd%e8%aa%9e%ef%bc%89","status":"publish","type":"page","link":"https:\/\/www.kfd.or.jp\/?page_id=6625","title":{"rendered":"3\u8005\u9593\u901a\u8a71(5\u304b\u56fd\u8a9e)"},"content":{"rendered":"<p><a href=\"https:\/\/www.kfd.or.jp\/wp-content\/uploads\/8009720388daf34e9398fd93a0fbae78.pdf\" class=\"pdf\"><strong>\uff11\uff11\uff19\u756a\u901a\u5831\u6642\u7b49\u306b\u304a\u3051\u308b\u591a\u8a00\u8a9e\u901a\u8a33\u306b\u3064\u3044\u3066<\/strong><\/a><\/p>\n<p><a href=\"https:\/\/www.kfd.or.jp\/wp-content\/uploads\/80c2aa2908fba750b618189e8f42299d.pdf\" class=\"pdf\"><strong>Multilingual interpretation services for emergency call 119\uff08\u82f1\u8a9e\uff09<\/strong><\/a><\/p>\n<p><a href=\"https:\/\/www.kfd.or.jp\/wp-content\/uploads\/05cdfaff7ad7b4ce134e3b5aede1587b.pdf\" class=\"pdf\"><strong>Sobre int\u00e9rpretes multilingue nas chamadas ao numero 119\uff08\u30dd\u30eb\u30c8\u30ac\u30eb\u8a9e\uff09<\/strong><\/a><\/p>\n<p><a href=\"https:\/\/www.kfd.or.jp\/wp-content\/uploads\/7c474a4a9fb2268fa49d1956b6c8f324.pdf\" class=\"pdf\"><strong>\u5173\u4e8e<\/strong><strong>\uff11\uff11\uff19<\/strong><strong>\u53f7\u7535\u8bdd\u62a5\u544a\u7684\u65f6\u591a\u8bed\u8a00\u7ffb\u8bd1\uff08\u4e2d\u56fd\u8a9e\uff09<\/strong><\/a><\/p>\n<p><a href=\"https:\/\/www.kfd.or.jp\/wp-content\/uploads\/a5fffdc0ad534f6e1c8f715f0c41a339.pdf\" class=\"pdf\"><strong>\uff11\uff11\uff19 \ud1b5\ubcf4 \uc2dc\uc758 \ub2e4\uc5b8\uc5b4 \ud1b5\uc5ed\uc5d0 \ub300\ud574\uff08\u97d3\u56fd\u8a9e\uff09<\/strong><\/a><\/p>\n<p><a href=\"https:\/\/www.kfd.or.jp\/wp-content\/uploads\/e31bbe367ef89dd68b5e0557e3678d65.pdf\" class=\"pdf\"><strong>Sobre int\u00e9rpretes multiling\u00fces en llamadas al n\u00famero 119\uff08\u30b9\u30da\u30a4\u30f3\u8a9e\uff09<\/strong><\/a><\/p>\n","protected":false},"excerpt":{"rendered":"<p>\uff11\uff11\uff19\u756a\u901a\u5831\u6642\u7b49\u306b\u304a\u3051\u308b\u591a\u8a00\u8a9e\u901a\u8a33\u306b\u3064\u3044\u3066 Multilingual interpretation services for emergency call 119\uff08\u82f1\u8a9e\uff09 Sobre int\u00e9rpretes multil [&hellip;]<\/p>\n","protected":false},"author":2,"featured_media":0,"parent":728,"menu_order":0,"comment_status":"closed","ping_status":"closed","template":"","meta":{"footnotes":""},"class_list":["post-6625","page","type-page","status-publish","hentry"],"_links":{"self":[{"href":"https:\/\/www.kfd.or.jp\/index.php?rest_route=\/wp\/v2\/pages\/6625","targetHints":{"allow":["GET"]}}],"collection":[{"href":"https:\/\/www.kfd.or.jp\/index.php?rest_route=\/wp\/v2\/pages"}],"about":[{"href":"https:\/\/www.kfd.or.jp\/index.php?rest_route=\/wp\/v2\/types\/page"}],"author":[{"embeddable":true,"href":"https:\/\/www.kfd.or.jp\/index.php?rest_route=\/wp\/v2\/users\/2"}],"replies":[{"embeddable":true,"href":"https:\/\/www.kfd.or.jp\/index.php?rest_route=%2Fwp%2Fv2%2Fcomments&post=6625"}],"version-history":[{"count":14,"href":"https:\/\/www.kfd.or.jp\/index.php?rest_route=\/wp\/v2\/pages\/6625\/revisions"}],"predecessor-version":[{"id":8649,"href":"https:\/\/www.kfd.or.jp\/index.php?rest_route=\/wp\/v2\/pages\/6625\/revisions\/8649"}],"up":[{"embeddable":true,"href":"https:\/\/www.kfd.or.jp\/index.php?rest_route=\/wp\/v2\/pages\/728"}],"wp:attachment":[{"href":"https:\/\/www.kfd.or.jp\/index.php?rest_route=%2Fwp%2Fv2%2Fmedia&parent=6625"}],"curies":[{"name":"wp","href":"https:\/\/api.w.org\/{rel}","templated":true}]}}